 Suppose 1 = 2*m + y, 5 = -m + 2*y - 2. List the prime factors of l(m).
2
Let o be (8/12)/((-6)/(-9)). Let w(u) = 27*u**2 - u. Let f be w(o). Suppose 0*c - f = -c. List the prime factors of c.
2, 13
Let p(n) = 2*n**3 + 32*n**2 - 5*n - 28. List the prime factors of p(-13).
1051
Suppose -6*j = -7*j + 48. Let n = j + 4. List the prime factors of n.
2, 13
Let q = 184 + -56. Suppose g + q = 4*r, 5*g + 2*r = r - 598. Let s = g - -173. List the prime factors of s.
53
Suppose 11*h - 22*h + 11022 = 0. List the prime factors of h.
2, 3, 167
Suppose -h - 3 - 2 = 0. Let j = h - -12. Suppose -80 = -j*k + 3*k. What are the prime factors of k?
2, 5
Suppose 12*a + 54 = 3*a. List the prime factors of a/2 + (108 - (2 - 3)).
2, 53
Suppose -r - 19 = 33. Let a = r + 89. What are the prime factors of a?
37
Let g(b) be the third derivative of b**6/80 - b**5/120 + 7*b**4/24 + 5*b**2. Let d(a) be the second derivative of g(a). What are the prime factors of d(4)?
5, 7
Let p(r) = -2*r - 10. Let c be p(-15). Suppose 4*o = c - 4. Suppose -o*z + 11 + 13 = 0. List the prime factors of z.
2, 3
Suppose -3*i - 103 = -109. Suppose -5*q = -w - 1485, i*q - 2*w = 2*w + 594. What are the prime factors of q?
3, 11
Let o(r) = 2*r**2 - 9*r**2 - 1 + 6*r**2 + 8*r + 0*r**2. Let a be o(7). What are the prime factors of (-1 + -164)*(-2)/a?
5, 11
Suppose -50 = -5*p + x, -p + 4*x = 2*p - 47. Let s(o) = -2*o + 41. What are the prime factors of s(p)?
23
Let k(s) = -s**3 + 10*s**2 - 10*s + 12. Let l be k(9). Suppose -4*w = -l*w - 50. List the prime factors of w.
2, 5
Let u(x) = -35*x - 7. Let o(r) = -9*r - 2. Let t(h) = -9*o(h) + 2*u(h). What are the prime factors of t(2)?
2, 13
Suppose -18*u = -7004 - 520. Suppose j = 5*c + 217, -4*j + u = -2*j - 2*c. List the prime factors of j.
3, 23
Suppose 3*v = 5*i, 0 = i - 3*i + 3*v - 9. Suppose -i*q + 2*z = -154, 4*z - 2*z + 10 = 0. What are the prime factors of q?
2, 3
Let j = 16 - 19. Let m be (j - -6)/(1/(-13)). List the prime factors of 18/(-24) - m/4.
3
Let s(r) = -14*r**3 - r**2 - r - 1. Let k be s(-1). Let t = k + -12. List the prime factors of t - (-3 + 2) - -20.
2, 11
What are the prime factors of (-2 - -6) + 1 + 466?
3, 157
Let h(y) = -3*y**2 - 3 + y**2 - 10*y + y**3 - 3*y**2. List the prime factors of h(7).
5
Let p be 3/8 - 555/(-120). Suppose -p*c - 4*w + 25 = -0*w, 0 = -3*w. Suppose 0 = i + i + 8, 2*n + c*i = -14. List the prime factors of n.
3
Let w(s) = -3*s**2 + 7 + 0 + 3*s - 6 + 10*s**2. Let p be w(-1). Suppose -p*r + 84 = -201. List the prime factors of r.
3, 19
Let s be -4 + 1 + 1 + -7. Let o(d) = -2*d**2 - 12*d - 10. Let m be o(s). Let b = -29 - m. What are the prime factors of b?
5, 7
Let l = 264 + -99. Suppose -6*h = -l + 9. What are the prime factors of h?
2, 13
Suppose 2*r + 3*b = 18, -r - 38 = -6*r - 4*b. List the prime factors of r.
2, 3
Suppose -a + f = -f - 28, 3*a = -5*f + 128. Suppose -3*o + 165 = a. Let t = 103 - o. List the prime factors of t.
2, 3, 5
What are the prime factors of -2 + 8/4 + 41?
41
Suppose -61334 = -12*a - 18470. What are the prime factors of a?
2, 19, 47
Suppose i + 3*j + 12 = 0, -3*i - 28 = 3*j - 4. Let c be 0/((-3)/(i/2)). Suppose o = -5*h - 2*o + 68, c = -4*h + o + 68. List the prime factors of h.
2
List the prime factors of 1297/2 + (5 - 120/16).
2, 17, 19
Let c be (3 - 2) + -1 - -2. Suppose 6 = c*z - 0. Suppose z*q - 18 = q. List the prime factors of q.
3
Suppose 15*s - 9*s = 384. Let c = s - -52. What are the prime factors of c?
2, 29
Suppose -21 = 3*m + 4*l - 2, 0 = -3*m - l - 16. Let f = m + 16. Suppose a = f + 19. What are the prime factors of a?
2, 3, 5
Let d(h) = h**3 + 4*h**2 + 2*h + 3. Let c be d(-4). Suppose -25*r + 44 - 144 = 0. List the prime factors of 35 - (0 - (r - c)).
2, 3
Suppose -783 = -2*i - 5*a, -4*i - 325 + 1946 = -a. List the prime factors of i.
2, 101
Suppose 19*t = 22*t + 252. What are the prime factors of (4 - (-35)/(-10))/((-2)/t)?
3, 7
Suppose -2*c + 969 = u - 0*u, -2*c = -4*u + 3916. Suppose -3 = -7*d + u. What are the prime factors of d?
2, 5, 7
Let l = -4 - 0. Let k(u) = 3*u**3 + u**2 - 2*u. Let b(f) = -8*f**3 - 2*f**2 + 6*f - 1. Let j(v) = l*b(v) - 11*k(v). What are the prime factors of j(-4)?
2, 7
Suppose 198 = 8*x - 58. Suppose z + 3*c = -4*z + x, -c + 12 = 2*z. What are the prime factors of z?
2
Let q be 198 + 2/2 + 0. Suppose 5*p = -q - 281. List the prime factors of (18/4)/((-12)/p).
2, 3
Let h = -17 - -27. Let z(a) = a - 13. Let k be z(h). What are the prime factors of -2 - (-30)/(4 + k)?
2, 7
Let r(m) = -m**2 + 13*m - 2. Let y be r(12). What are the prime factors of -2 + (39/(-1))/((-10)/y)?
37
Let b(h) be the first derivative of -h**4/4 + 5*h**3 + 17*h**2/2 + 5*h - 11. Suppose -33 = -f - w - 12, -5*w + 89 = 4*f. List the prime factors of b(f).
3, 7
Let y = 1339 + -760. What are the prime factors of y?
3, 193
Let s(l) = -40*l - 378. List the prime factors of s(-47).
2, 751
Suppose -3*t - 15 = 0, -v = 49*t - 54*t - 1028. List the prime factors of v.
17, 59
Let a be (2 - 5) + (-2)/(-1). Let p be 7*(116/(-28) + a). List the prime factors of 145/6 + 6/p.
2, 3
Suppose -4*i + 4*o = -1356, 349 = i + o - 4*o. What are the prime factors of i?
2, 167
Suppose 2*b + 7*d - 1244 = 12*d, -3*b - 3*d = -1908. List the prime factors of b.
2, 79
List the prime factors of (2*6758/(-8))/(276/(-552)).
31, 109
Suppose 2*p - 11 = d - 1, 4*d + 25 = 5*p. Suppose -p*i + 351 = -29. List the prime factors of i.
2, 19
Let n be (-6)/(-14) - 3146/(-91). Let d = n - -104. Suppose -3*b = -b - 4*q - 154, 2*b = q + d. List the prime factors of b.
67
Let g be (-2 + 1)*(-4 + 1). Let b be 15/(-45) + 4/g. What are the prime factors of 2/(b - 10/11)?
2, 11
Let a be ((-3)/(12/4))/(-1). Let u(t) = 120*t - 3. List the prime factors of u(a).
3, 13
Let k(r) = 19*r**3 + r**2 - 6*r + 14. What are the prime factors of k(5)?
2, 149
Let t = -797 - -5683. What are the prime factors of t?
2, 7, 349
Let v = -29 + 57. Suppose 3*p = -4*z + 171, -5*p + v + 19 = z. List the prime factors of z.
2, 3, 7
Let m(v) = -v**3 + 18*v**2 + 19*v + 2. Let c be m(19). Suppose -y - 2*k = -c*y + 115, -y + 4*k = -111. List the prime factors of y.
7, 17
Suppose 4*w - 3522 - 138 = 0. What are the prime factors of w?
3, 5, 61
Let p(o) = -4*o**3 - 2*o - 3. Let t(g) = -5*g**3 - g**2 - 3*g - 4. Let i(r) = 3*p(r) - 2*t(r). Let s be i(1). List the prime factors of s + 10 + (-30)/(-10).
2, 3
Suppose -5*c - g + 233 + 1012 = 0, -2*g = -5*c + 1230. List the prime factors of c.
2, 31
Let t = -176 + 291. List the prime factors of t.
5, 23
Let b = -676 - -1205. List the prime factors of b.
23
Suppose -5*s = 2*q - 3240, q = 3*q. List the prime factors of s.
2, 3
Let q = 42 + -25. Let d(a) = -3*a**2 - 1. Let h be d(2). Let c = q + h. List the prime factors of c.
2
Suppose 0 = -n + 5*n - 16. Let l = 8 - n. Suppose 3*x - 123 = j + 2*j, 4*x - 172 = -l*j. What are the prime factors of x?
2, 3, 7
Let x(k) = 522*k**2 - 23*k + 1. What are the prime factors of x(1)?
2, 5
Let g = -257 + 719. Suppose -2*z + g = -4*j, 2*j + 0 = 2. Suppose o - 2*o - 5*t + 52 = 0, -5*o + 2*t = -z. List the prime factors of o.
47
Suppose -7 = -5*r + 3. Suppose 4*s = 2*j + 522, s + 2*s + r*j = 409. What are the prime factors of s?
7, 19
List the prime factors of (-9 - (-105)/10)*734.
3, 367
Let m = 2 - -4. Suppose y - 2*z + m*z - 40 = 0, -y = -5*z - 49. List the prime factors of y.
2, 11
Suppose -j = 2*j + 168. Let l = j + 100. List the prime factors of l.
2, 11
Suppose -324*g + 2776 = -316*g. What are the prime factors of g?
347
Let s(z) = -19*z + 5. Let v be 15/(-12) - 11/4. Let f be s(v). Let y = f + -29. What are the prime factors of y?
2, 13
Let o be (-6)/4*-4*1. Let z = o - -91. What are the prime factors of z?
97
Let n be 8/6 + (-14)/(-21). Suppose 0 = 3*q + n*w - 17, -q = 2*w + 2*w - 9. What are the prime factors of q?
5
Let l(a) = a**2 - 8*a + 15. Suppose -9 = -4*r + 11. Suppose 4*b - 24 = 4*y, 0*y + y - 48 = -r*b. List the prime factors of l(b).
2, 3
Let q(b) = 36*b + 15. Let s be q(14). What are the prime factors of (-6)/(-21) - s/(-21)?
5
Let a(h) = 2*h**3 + 7*h**2 + 4. Let m(d) = d**3 + 8*d**2 - d - 11. Let t be m(-8). Let w be a(t). What are the prime factors of (-1512)/(-26) - 2/w?
2, 29
Suppose -56*v = -59*v + 4761. List the prime factors of v.
3, 23
What are th